{"id":131,"date":"2020-01-13T10:46:11","date_gmt":"2020-01-13T10:46:11","guid":{"rendered":"http:\/\/haarforum-bavendorf.de\/?page_id=131"},"modified":"2020-03-31T14:07:19","modified_gmt":"2020-03-31T14:07:19","slug":"bartforum","status":"publish","type":"page","link":"https:\/\/haarforum-petretti.de\/?page_id=131","title":{"rendered":"Bartforum"},"content":{"rendered":"\n\t<section class=\"section\" id=\"section_1941737322\">\n\t\t<div class=\"bg section-bg fill bg-fill  bg-loaded\" >\n\n\t\t\t\n\t\t\t\n\t\t\t\n\n\t\t<\/div>\n\n\t\t<div class=\"section-content relative\">\n\t\t\t\n\n\n  <div class=\"banner has-hover has-parallax\" id=\"banner-1365313256\">\n          <div class=\"banner-inner fill\">\n        <div class=\"banner-bg fill\" data-parallax=\"-10\" data-parallax-container=\".banner\" data-parallax-background>\n            <div class=\"bg fill bg-fill \"><\/div>\n                        <div class=\"overlay\"><\/div>            \n                    <\/div>\n        <div class=\"banner-layers container\">\n            <div class=\"fill banner-link\"><\/div>            \n\n   <div id=\"text-box-388311496\" class=\"text-box banner-layer x10 md-x10 lg-x10 y50 md-y50 lg-y50 res-text\">\n                                <div class=\"text-box-content text dark\">\n              \n              <div class=\"text-inner text-center\">\n                  \n\n<h3 class=\"uppercase\" style=\"text-align: left;\"><strong>M\u00e4nnertreff im Herzen Bavendorfs<\/strong><\/h3>\n<p style=\"text-align: left;\">In <span style=\"font-size: 110%;\">entspannter Atmosph\u00e4re und unter M\u00e4nnern wird Ihr Friseurbesuch zur Auszeit<\/span><\/p>\n\n              <\/div>\n           <\/div>\n                            \n<style>\n#text-box-388311496 {\n  width: 60%;\n}\n#text-box-388311496 .text-box-content {\n  font-size: 100%;\n}\n<\/style>\n    <\/div>\n \n\n        <\/div>\n      <\/div>\n\n            \n<style>\n#banner-1365313256 {\n  padding-top: 500px;\n}\n#banner-1365313256 .bg.bg-loaded {\n  background-image: url(https:\/\/haarforum-petretti.de\/wp-content\/uploads\/2020\/01\/DSCF7334-1024x683.jpg);\n}\n#banner-1365313256 .overlay {\n  background-color: rgba(0,0,0,.5);\n}\n<\/style>\n  <\/div>\n\n\n\t<div id=\"gap-420739268\" class=\"gap-element clearfix\" style=\"display:block; height:auto;\">\n\t\t\n<style>\n#gap-420739268 {\n  padding-top: 60px;\n}\n<\/style>\n\t<\/div>\n\t\n\n<h5 style=\"text-align: center;\"><span style=\"font-size: 150%;\">Jeden Donnerstag ab 18 Uhr heisst es bei uns: &#8222;Gentlemen only&#8220;<\/span><\/h5>\n<h2 style=\"text-align: center;\"><span style=\"font-size: 80%;\">In entspannter Atmosph\u00e4re und unter M\u00e4nner wird ihr Friseurbesuch zu einer Auszeit!<\/span><\/h2>\n\n\t\t<\/div>\n\n\t\t\n<style>\n#section_1941737322 {\n  padding-top: 30px;\n  padding-bottom: 30px;\n}\n<\/style>\n\t<\/section>\n\t\n\t<div id=\"gap-1386731530\" class=\"gap-element clearfix\" style=\"display:block; height:auto;\">\n\t\t\n<style>\n#gap-1386731530 {\n  padding-top: 30px;\n}\n<\/style>\n\t<\/div>\n\t\n\n<div class=\"container section-title-container\" ><h3 class=\"section-title section-title-center\"><b><\/b><span class=\"section-title-main\" ><i class=\"icon-shopping-bag\" ><\/i>Unsere Produkte<\/span><b><\/b><\/h3><\/div>\n\n\t<section class=\"section\" id=\"section_531004537\">\n\t\t<div class=\"bg section-bg fill bg-fill  bg-loaded\" >\n\n\t\t\t\n\t\t\t\n\t\t\t\n\n\t\t<\/div>\n\n\t\t<div class=\"section-content relative\">\n\t\t\t\n\n\t<div class=\"box has-hover   has-hover box-vertical box-text-bottom\" >\n\n\t\t<div class=\"box-image\" style=\"width:50%;\">\n\t\t\t\t\t\t<div class=\"\" >\n\t\t\t\t<img loading=\"lazy\" decoding=\"async\" width=\"2560\" height=\"1707\" src=\"https:\/\/haarforum-petretti.de\/wp-content\/uploads\/2019\/11\/Haar-Forum-Bavendorf-Friseur-8-scaled.jpg\" class=\"attachment- size-\" alt=\"\" srcset=\"https:\/\/haarforum-petretti.de\/wp-content\/uploads\/2019\/11\/Haar-Forum-Bavendorf-Friseur-8-scaled.jpg 2560w, https:\/\/haarforum-petretti.de\/wp-content\/uploads\/2019\/11\/Haar-Forum-Bavendorf-Friseur-8-300x200.jpg 300w, https:\/\/haarforum-petretti.de\/wp-content\/uploads\/2019\/11\/Haar-Forum-Bavendorf-Friseur-8-1024x683.jpg 1024w, https:\/\/haarforum-petretti.de\/wp-content\/uploads\/2019\/11\/Haar-Forum-Bavendorf-Friseur-8-768x512.jpg 768w, https:\/\/haarforum-petretti.de\/wp-content\/uploads\/2019\/11\/Haar-Forum-Bavendorf-Friseur-8-1536x1024.jpg 1536w, https:\/\/haarforum-petretti.de\/wp-content\/uploads\/2019\/11\/Haar-Forum-Bavendorf-Friseur-8-2048x1365.jpg 2048w, https:\/\/haarforum-petretti.de\/wp-content\/uploads\/2019\/11\/Haar-Forum-Bavendorf-Friseur-8-500x333.jpg 500w, https:\/\/haarforum-petretti.de\/wp-content\/uploads\/2019\/11\/Haar-Forum-Bavendorf-Friseur-8-700x467.jpg 700w\" sizes=\"auto, (max-width: 2560px) 100vw, 2560px\" \/>\t\t\t\t\t\t\t\t\t\t\t<\/div>\n\t\t\t\t\t<\/div>\n\n\t\t<div class=\"box-text text-center dark\" style=\"background-color:rgb(0, 0, 0);\">\n\t\t\t<div class=\"box-text-inner\">\n\t\t\t\t\n\n<p>\u00a0<\/p>\n<h4><span style=\"font-size: 140%;\">Eisenbart<\/span><\/h4>\n<p>\u00a0<\/p>\n<p><span style=\"font-size: 110%;\">Eisenbart-Pflegeprodukte f\u00fcr den Mann sind ein Must-have f\u00fcr jeden Barttr\u00e4ger!<\/span><\/p>\n\n\t\t\t<\/div>\n\t\t<\/div>\n\t<\/div>\n\t\n\n\t\t<\/div>\n\n\t\t\n<style>\n#section_531004537 {\n  padding-top: 30px;\n  padding-bottom: 30px;\n}\n<\/style>\n\t<\/section>\n\t\n<div class=\"text-center\"><div class=\"is-divider divider clearfix\" style=\"max-width:70px;background-color:rgb(166, 5, 5);\"><\/div><\/div>\n\n\t<section class=\"section\" id=\"section_1008450582\">\n\t\t<div class=\"bg section-bg fill bg-fill  bg-loaded\" >\n\n\t\t\t\n\t\t\t\n\t\t\t\n\n\t\t<\/div>\n\n\t\t<div class=\"section-content relative\">\n\t\t\t\n\n<div class=\"slider-wrapper relative\" id=\"slider-1775896257\" >\n    <div class=\"slider slider-nav-circle slider-nav-large slider-nav-light slider-style-normal\"\n        data-flickity-options='{\n            \"cellAlign\": \"center\",\n            \"imagesLoaded\": true,\n            \"lazyLoad\": 1,\n            \"freeScroll\": false,\n            \"wrapAround\": true,\n            \"autoPlay\": 6000,\n            \"pauseAutoPlayOnHover\" : true,\n            \"prevNextButtons\": true,\n            \"contain\" : true,\n            \"adaptiveHeight\" : true,\n            \"dragThreshold\" : 10,\n            \"percentPosition\": true,\n            \"pageDots\": true,\n            \"rightToLeft\": false,\n            \"draggable\": true,\n            \"selectedAttraction\": 0.1,\n            \"parallax\" : 0,\n            \"friction\": 0.6        }'\n        >\n        \n\n\t<div class=\"img has-hover x md-x lg-x y md-y lg-y\" id=\"image_1093482917\">\n\t\t\t\t\t\t\t\t<div class=\"img-inner dark\" >\n\t\t\t<img loading=\"lazy\" decoding=\"async\" width=\"1020\" height=\"680\" src=\"https:\/\/haarforum-petretti.de\/wp-content\/uploads\/2020\/01\/DSCF7334-1024x683.jpg\" class=\"attachment-large size-large\" alt=\"\" srcset=\"https:\/\/haarforum-petretti.de\/wp-content\/uploads\/2020\/01\/DSCF7334-1024x683.jpg 1024w, https:\/\/haarforum-petretti.de\/wp-content\/uploads\/2020\/01\/DSCF7334-300x200.jpg 300w, https:\/\/haarforum-petretti.de\/wp-content\/uploads\/2020\/01\/DSCF7334-768x512.jpg 768w, https:\/\/haarforum-petretti.de\/wp-content\/uploads\/2020\/01\/DSCF7334-1536x1024.jpg 1536w, https:\/\/haarforum-petretti.de\/wp-content\/uploads\/2020\/01\/DSCF7334-500x333.jpg 500w, https:\/\/haarforum-petretti.de\/wp-content\/uploads\/2020\/01\/DSCF7334-700x467.jpg 700w, https:\/\/haarforum-petretti.de\/wp-content\/uploads\/2020\/01\/DSCF7334.jpg 2048w\" sizes=\"auto, (max-width: 1020px) 100vw, 1020px\" \/>\t\t\t\t\t\t\n\t\t\t\t\t<\/div>\n\t\t\t\t\t\t\t\t\n<style>\n#image_1093482917 {\n  width: 100%;\n}\n<\/style>\n\t<\/div>\n\t\n\n\t<div class=\"img has-hover x md-x lg-x y md-y lg-y\" id=\"image_161316081\">\n\t\t\t\t\t\t\t\t<div class=\"img-inner dark\" >\n\t\t\t<img loading=\"lazy\" decoding=\"async\" width=\"1020\" height=\"680\" src=\"https:\/\/haarforum-petretti.de\/wp-content\/uploads\/2020\/03\/Haar-Forum-Bavendorf-Friseur-11-1024x683.jpg\" class=\"attachment-large size-large\" alt=\"\" srcset=\"https:\/\/haarforum-petretti.de\/wp-content\/uploads\/2020\/03\/Haar-Forum-Bavendorf-Friseur-11-1024x683.jpg 1024w, https:\/\/haarforum-petretti.de\/wp-content\/uploads\/2020\/03\/Haar-Forum-Bavendorf-Friseur-11-300x200.jpg 300w, https:\/\/haarforum-petretti.de\/wp-content\/uploads\/2020\/03\/Haar-Forum-Bavendorf-Friseur-11-768x512.jpg 768w, https:\/\/haarforum-petretti.de\/wp-content\/uploads\/2020\/03\/Haar-Forum-Bavendorf-Friseur-11-1536x1024.jpg 1536w, https:\/\/haarforum-petretti.de\/wp-content\/uploads\/2020\/03\/Haar-Forum-Bavendorf-Friseur-11-2048x1365.jpg 2048w\" sizes=\"auto, (max-width: 1020px) 100vw, 1020px\" \/>\t\t\t\t\t\t\n\t\t\t\t\t<\/div>\n\t\t\t\t\t\t\t\t\n<style>\n#image_161316081 {\n  width: 100%;\n}\n<\/style>\n\t<\/div>\n\t\n\n\n     <\/div>\n\n     <div class=\"loading-spin dark large centered\"><\/div>\n\n     \t<\/div>\n\n\n\n\t\t<\/div>\n\n\t\t\n<style>\n#section_1008450582 {\n  padding-top: 30px;\n  padding-bottom: 30px;\n}\n<\/style>\n\t<\/section>\n\t\n\n","protected":false},"excerpt":{"rendered":"","protected":false},"author":1,"featured_media":0,"parent":0,"menu_order":0,"comment_status":"closed","ping_status":"closed","template":"page-blank.php","meta":{"footnotes":""},"class_list":["post-131","page","type-page","status-publish","hentry"],"yoast_head":"<!-- This site is optimized with the Yoast SEO plugin v25.7 - https:\/\/yoast.com\/wordpress\/plugins\/seo\/ -->\n<title>Bartforum - haarforumbavendorf<\/title>\n<meta name=\"description\" content=\"[section] [ux_banner height=&quot;500px&quot; bg=&quot;133&quot; bg_overlay=&quot;rgba(0,0,0,.5)&quot; parallax=&quot;10&quot;] [text_box position_x=&quot;10&quot; position_y=&quot;50&quot;] M\u00e4nnertreff im Herzen Bavendorfs In entspannter Atmosph\u00e4re und unter M\u00e4nnern wird Ihr Friseurbesuch zur Auszeit [\/text_box] [\/ux_banner] [gap height=&quot;60px&quot;] Jeden Donnerstag&hellip;\" \/>\n<meta name=\"robots\" content=\"index, follow, max-snippet:-1, max-image-preview:large, max-video-preview:-1\" \/>\n<link rel=\"canonical\" href=\"https:\/\/haarforum-petretti.de\/?page_id=131\" \/>\n<meta property=\"og:locale\" content=\"de_DE\" \/>\n<meta property=\"og:type\" content=\"article\" \/>\n<meta property=\"og:title\" content=\"Bartforum - haarforumbavendorf\" \/>\n<meta property=\"og:url\" content=\"https:\/\/haarforum-petretti.de\/?page_id=131\" \/>\n<meta property=\"og:site_name\" content=\"haarforumbavendorf\" \/>\n<meta property=\"article:modified_time\" content=\"2020-03-31T14:07:19+00:00\" \/>\n<meta name=\"twitter:card\" content=\"summary_large_image\" \/>\n<meta name=\"twitter:label1\" content=\"Gesch\u00e4tzte Lesezeit\" \/>\n\t<meta name=\"twitter:data1\" content=\"1\u00a0Minute\" \/>\n<script type=\"application\/ld+json\" class=\"yoast-schema-graph\">{\"@context\":\"https:\/\/schema.org\",\"@graph\":[{\"@type\":\"WebPage\",\"@id\":\"https:\/\/haarforum-petretti.de\/?page_id=131\",\"url\":\"https:\/\/haarforum-petretti.de\/?page_id=131\",\"name\":\"Bartforum - haarforumbavendorf\",\"isPartOf\":{\"@id\":\"https:\/\/haarforum-petretti.de\/#website\"},\"datePublished\":\"2020-01-13T10:46:11+00:00\",\"dateModified\":\"2020-03-31T14:07:19+00:00\",\"breadcrumb\":{\"@id\":\"https:\/\/haarforum-petretti.de\/?page_id=131#breadcrumb\"},\"inLanguage\":\"de\",\"potentialAction\":[{\"@type\":\"ReadAction\",\"target\":[\"https:\/\/haarforum-petretti.de\/?page_id=131\"]}]},{\"@type\":\"BreadcrumbList\",\"@id\":\"https:\/\/haarforum-petretti.de\/?page_id=131#breadcrumb\",\"itemListElement\":[{\"@type\":\"ListItem\",\"position\":1,\"name\":\"Home\",\"item\":\"https:\/\/haarforum-petretti.de\/\"},{\"@type\":\"ListItem\",\"position\":2,\"name\":\"Bartforum\"}]},{\"@type\":\"WebSite\",\"@id\":\"https:\/\/haarforum-petretti.de\/#website\",\"url\":\"https:\/\/haarforum-petretti.de\/\",\"name\":\"haarforumbavendorf\",\"description\":\"Just another WordPress site\",\"potentialAction\":[{\"@type\":\"SearchAction\",\"target\":{\"@type\":\"EntryPoint\",\"urlTemplate\":\"https:\/\/haarforum-petretti.de\/?s={search_term_string}\"},\"query-input\":{\"@type\":\"PropertyValueSpecification\",\"valueRequired\":true,\"valueName\":\"search_term_string\"}}],\"inLanguage\":\"de\"}]}<\/script>\n<!-- \/ Yoast SEO plugin. -->","yoast_head_json":{"title":"Bartforum - haarforumbavendorf","description":"[section] [ux_banner height=\"500px\" bg=\"133\" bg_overlay=\"rgba(0,0,0,.5)\" parallax=\"10\"] [text_box position_x=\"10\" position_y=\"50\"] M\u00e4nnertreff im Herzen Bavendorfs In entspannter Atmosph\u00e4re und unter M\u00e4nnern wird Ihr Friseurbesuch zur Auszeit [\/text_box] [\/ux_banner] [gap height=\"60px\"] Jeden Donnerstag&hellip;","robots":{"index":"index","follow":"follow","max-snippet":"max-snippet:-1","max-image-preview":"max-image-preview:large","max-video-preview":"max-video-preview:-1"},"canonical":"https:\/\/haarforum-petretti.de\/?page_id=131","og_locale":"de_DE","og_type":"article","og_title":"Bartforum - haarforumbavendorf","og_url":"https:\/\/haarforum-petretti.de\/?page_id=131","og_site_name":"haarforumbavendorf","article_modified_time":"2020-03-31T14:07:19+00:00","twitter_card":"summary_large_image","twitter_misc":{"Gesch\u00e4tzte Lesezeit":"1\u00a0Minute"},"schema":{"@context":"https:\/\/schema.org","@graph":[{"@type":"WebPage","@id":"https:\/\/haarforum-petretti.de\/?page_id=131","url":"https:\/\/haarforum-petretti.de\/?page_id=131","name":"Bartforum - haarforumbavendorf","isPartOf":{"@id":"https:\/\/haarforum-petretti.de\/#website"},"datePublished":"2020-01-13T10:46:11+00:00","dateModified":"2020-03-31T14:07:19+00:00","breadcrumb":{"@id":"https:\/\/haarforum-petretti.de\/?page_id=131#breadcrumb"},"inLanguage":"de","potentialAction":[{"@type":"ReadAction","target":["https:\/\/haarforum-petretti.de\/?page_id=131"]}]},{"@type":"BreadcrumbList","@id":"https:\/\/haarforum-petretti.de\/?page_id=131#breadcrumb","itemListElement":[{"@type":"ListItem","position":1,"name":"Home","item":"https:\/\/haarforum-petretti.de\/"},{"@type":"ListItem","position":2,"name":"Bartforum"}]},{"@type":"WebSite","@id":"https:\/\/haarforum-petretti.de\/#website","url":"https:\/\/haarforum-petretti.de\/","name":"haarforumbavendorf","description":"Just another WordPress site","potentialAction":[{"@type":"SearchAction","target":{"@type":"EntryPoint","urlTemplate":"https:\/\/haarforum-petretti.de\/?s={search_term_string}"},"query-input":{"@type":"PropertyValueSpecification","valueRequired":true,"valueName":"search_term_string"}}],"inLanguage":"de"}]}},"_links":{"self":[{"href":"https:\/\/haarforum-petretti.de\/index.php?rest_route=\/wp\/v2\/pages\/131","targetHints":{"allow":["GET"]}}],"collection":[{"href":"https:\/\/haarforum-petretti.de\/index.php?rest_route=\/wp\/v2\/pages"}],"about":[{"href":"https:\/\/haarforum-petretti.de\/index.php?rest_route=\/wp\/v2\/types\/page"}],"author":[{"embeddable":true,"href":"https:\/\/haarforum-petretti.de\/index.php?rest_route=\/wp\/v2\/users\/1"}],"replies":[{"embeddable":true,"href":"https:\/\/haarforum-petretti.de\/index.php?rest_route=%2Fwp%2Fv2%2Fcomments&post=131"}],"version-history":[{"count":17,"href":"https:\/\/haarforum-petretti.de\/index.php?rest_route=\/wp\/v2\/pages\/131\/revisions"}],"predecessor-version":[{"id":250,"href":"https:\/\/haarforum-petretti.de\/index.php?rest_route=\/wp\/v2\/pages\/131\/revisions\/250"}],"wp:attachment":[{"href":"https:\/\/haarforum-petretti.de\/index.php?rest_route=%2Fwp%2Fv2%2Fmedia&parent=131"}],"curies":[{"name":"wp","href":"https:\/\/api.w.org\/{rel}","templated":true}]}}